{"id":231327,"date":"2024-02-25T11:31:13","date_gmt":"2024-02-25T10:31:13","guid":{"rendered":"https:\/\/www.lesvinzelles.com\/?post_type=mec-events&#038;p=231327"},"modified":"2024-02-25T11:31:13","modified_gmt":"2024-02-25T10:31:13","slug":"claire-fercak","status":"publish","type":"mec-events","link":"https:\/\/www.lesvinzelles.com\/index.php\/events\/claire-fercak\/","title":{"rendered":"Claire Fercak"},"content":{"rendered":"<div class=\"xdj266r x11i5rnm xat24cr x1mh8g0r x1vvkbs\">Claire Fercak est l\u2019autrice de trois romans aux \u00c9ditions Verticales, \u201cRideau de verre\u201d (2007), \u201cHistoires naturelles de l\u2019oubli\u201d (2015), \u201cCe qui est nomm\u00e9 reste en vie\u201d (2020), et<br \/>\nd\u2019un r\u00e9cit aux \u00c9ditions Arthaud, \u201cApr\u00e8s la foudre\u201d (2021), coup de coeur de la librairie d\u00e8s son ouverture.<\/div>\n<div class=\"x11i5rnm xat24cr x1mh8g0r x1vvkbs xtlvy1s\">Le nouveau, \u201cUne existence sans pr\u00e9c\u00e9dents\u201d, aux \u00e9ditions Verticales, est un texte fort, con\u00e7u comme un road trip fantastique, ponctu\u00e9 de flash-back, le r\u00e9cit d\u2019une orpheline cherchant \u00e0 s\u2019inventer des racines ailleurs.<\/div>\n<div class=\"x11i5rnm xat24cr x1mh8g0r x1vvkbs xtlvy1s\">Un roman fantasque et poignant qui r\u00e9invente l\u2019enfance d\u2019une inimitable mani\u00e8re par une autrice qui a \u00e9t\u00e9 coup de c\u0153ur de lecture d\u00e8s l\u2019ouverture de la librairie pour ses livres pr\u00e9c\u00e9dents.<br \/>\n\u00ab Je suis venue jusqu\u2019ici, j\u2019ai fait le voyage pour \u00e7a : \u00eatre une fois petite fille, voir l\u2019enfance depuis son sein. Je veux \u00eatre celle qui n\u2019a pas encore d\u00e9couvert les t\u00e9n\u00e8bres du pass\u00e9 ni \u00e9prouv\u00e9 les souffrances du futur, je veux acc\u00e9der \u00e0 la vie nue. \u00bb<\/div>\n<div class=\"x11i5rnm xat24cr x1mh8g0r x1vvkbs xtlvy1s\">Helena Cervak, longtemps ballott\u00e9e entre foyers et familles d\u2019accueil, quitte pr\u00e9cipitamment la France. Elle traverse l\u2019Italie d\u2019une traite pour rejoindre la Slov\u00e9nie, son \u00ab pays d\u2019origine du nom \u00bb.<\/div>\n<div class=\"x11i5rnm xat24cr x1mh8g0r x1vvkbs xtlvy1s\">Qu\u2019esp\u00e8re-t-elle trouver en ces terres inconnues ? Des racines improbables ou le refuge d\u2019une \u00abexistence sans pr\u00e9c\u00e9dent\u00bb ?<\/div>\n<div class=\"x11i5rnm xat24cr x1mh8g0r x1vvkbs xtlvy1s\">Une cavale solitaire parsem\u00e9e d\u2019aventures d\u00e9routantes.<\/div>\n<div><\/div>\n<div class=\"x11i5rnm xat24cr x1mh8g0r x1vvkbs xtlvy1s\">\ud83d\udc40 la chronique de Margot Bonvallet pour Cultures Sauvages \u00e0 lire ici :<br \/>\n<a class=\"x1i10hfl xjbqb8w x1ejq31n xd10rxx x1sy0etr x17r0tee x972fbf xcfux6l x1qhh985 xm0m39n x9f619 x1ypdohk xt0psk2 xe8uvvx xdj266r x11i5rnm xat24cr x1mh8g0r xexx8yu x4uap5 x18d9i69 xkhd6sd x16tdsg8 x1hl2dhg xggy1nq x1a2a7pz xt0b8zv x1fey0fg\" tabindex=\"0\" role=\"link\" href=\"https:\/\/univers-cultures-sauvages.com\/litterature\/une-existence-sans-precedent-claire-fercak-aux-editions-verticales\/?fbclid=IwAR1UKxfATCEYWlo81dTwvcuxInXZp_wxPinn6Opsxx1G36OrshDu_qJyDn0\" target=\"_blank\" rel=\"nofollow noopener noreferrer\">https:\/\/univers-cultures-sauvages.com\/&#8230;\/une-existence&#8230;\/<\/a><\/div>\n","protected":false},"excerpt":{"rendered":"<p>Claire Fercak est l\u2019autrice de trois romans aux \u00c9ditions Verticales, \u201cRideau de verre\u201d (2007), \u201cHistoires naturelles de l\u2019oubli\u201d (2015), \u201cCe qui est nomm\u00e9 reste en vie\u201d (2020), et d\u2019un r\u00e9cit aux \u00c9ditions Arthaud, \u201cApr\u00e8s la foudre\u201d (2021), coup de coeur de la librairie d\u00e8s son ouverture. Le nouveau, \u201cUne existence sans pr\u00e9c\u00e9dents\u201d, aux \u00e9ditions Verticales, [&hellip;]<\/p>\n","protected":false},"author":1,"featured_media":231328,"comment_status":"closed","ping_status":"closed","template":"","mec_category":[22],"mec_tag":[],"class_list":["post-231327","mec-events","type-mec-events","status-publish","has-post-thumbnail","hentry","mec_category-apero-litte"],"post_mailing_queue_ids":[],"_links":{"self":[{"href":"https:\/\/www.lesvinzelles.com\/index.php\/wp-json\/wp\/v2\/mec-events\/231327","targetHints":{"allow":["GET"]}}],"collection":[{"href":"https:\/\/www.lesvinzelles.com\/index.php\/wp-json\/wp\/v2\/mec-events"}],"about":[{"href":"https:\/\/www.lesvinzelles.com\/index.php\/wp-json\/wp\/v2\/types\/mec-events"}],"author":[{"embeddable":true,"href":"https:\/\/www.lesvinzelles.com\/index.php\/wp-json\/wp\/v2\/users\/1"}],"replies":[{"embeddable":true,"href":"https:\/\/www.lesvinzelles.com\/index.php\/wp-json\/wp\/v2\/comments?post=231327"}],"wp:featuredmedia":[{"embeddable":true,"href":"https:\/\/www.lesvinzelles.com\/index.php\/wp-json\/wp\/v2\/media\/231328"}],"wp:attachment":[{"href":"https:\/\/www.lesvinzelles.com\/index.php\/wp-json\/wp\/v2\/media?parent=231327"}],"wp:term":[{"taxonomy":"mec_category","embeddable":true,"href":"https:\/\/www.lesvinzelles.com\/index.php\/wp-json\/wp\/v2\/mec_category?post=231327"},{"taxonomy":"mec_tag","embeddable":true,"href":"https:\/\/www.lesvinzelles.com\/index.php\/wp-json\/wp\/v2\/mec_tag?post=231327"}],"curies":[{"name":"wp","href":"https:\/\/api.w.org\/{rel}","templated":true}]}}

<div class="xdj266r x11i5rnm xat24cr x1mh8g0r x1vvkbs">Claire Fercak est l’autrice de trois romans aux Éditions Verticales, “Rideau de verre” (2007), “Histoires naturelles de l’oubli” (2015), “Ce qui est nommé reste en vie” (2020), et<br />
d’un récit aux Éditions Arthaud, “Après la foudre” (2021), coup de coeur de la librairie dès son ouverture.</div>
<div class="x11i5rnm xat24cr x1mh8g0r x1vvkbs xtlvy1s">Le nouveau, “Une existence sans précédents”, aux éditions Verticales, est un texte fort, conçu comme un road trip fantastique, ponctué de flash-back, le récit d’une orpheline cherchant à s’inventer des racines ailleurs.</div>
<div class="x11i5rnm xat24cr x1mh8g0r x1vvkbs xtlvy1s">Un roman fantasque et poignant qui réinvente l’enfance d’une inimitable manière par une autrice qui a été coup de cœur de lecture dès l’ouverture de la librairie pour ses livres précédents.<br />
« Je suis venue jusqu’ici, j’ai fait le voyage pour ça : être une fois petite fille, voir l’enfance depuis son sein. Je veux être celle qui n’a pas encore découvert les ténèbres du passé ni éprouvé les souffrances du futur, je veux accéder à la vie nue. »</div>
<div class="x11i5rnm xat24cr x1mh8g0r x1vvkbs xtlvy1s">Helena Cervak, longtemps ballottée entre foyers et familles d’accueil, quitte précipitamment la France. Elle traverse l’Italie d’une traite pour rejoindre la Slovénie, son « pays d’origine du nom ».</div>
<div class="x11i5rnm xat24cr x1mh8g0r x1vvkbs xtlvy1s">Qu’espère-t-elle trouver en ces terres inconnues ? Des racines improbables ou le refuge d’une «existence sans précédent» ?</div>
<div class="x11i5rnm xat24cr x1mh8g0r x1vvkbs xtlvy1s">Une cavale solitaire parsemée d’aventures déroutantes.</div>
<div></div>
<div class="x11i5rnm xat24cr x1mh8g0r x1vvkbs xtlvy1s">👀 la chronique de Margot Bonvallet pour Cultures Sauvages à lire ici :<br />
<a class="x1i10hfl xjbqb8w x1ejq31n xd10rxx x1sy0etr x17r0tee x972fbf xcfux6l x1qhh985 xm0m39n x9f619 x1ypdohk xt0psk2 xe8uvvx xdj266r x11i5rnm xat24cr x1mh8g0r xexx8yu x4uap5 x18d9i69 xkhd6sd x16tdsg8 x1hl2dhg xggy1nq x1a2a7pz xt0b8zv x1fey0fg" tabindex="0" role="link" href="https://univers-cultures-sauvages.com/litterature/une-existence-sans-precedent-claire-fercak-aux-editions-verticales/?fbclid=IwAR1UKxfATCEYWlo81dTwvcuxInXZp_wxPinn6Opsxx1G36OrshDu_qJyDn0" target="_blank" rel="nofollow noopener noreferrer">https://univers-cultures-sauvages.com/&#8230;/une-existence&#8230;/</a></div>

<p>Claire Fercak est l’autrice de trois romans aux Éditions Verticales, “Rideau de verre” (2007), “Histoires naturelles de l’oubli” (2015), “Ce qui est nommé reste en vie” (2020), et d’un récit aux Éditions Arthaud, “Après la foudre” (2021), coup de coeur de la librairie dès son ouverture. Le nouveau, “Une existence sans précédents”, aux éditions Verticales, [&hellip;]</p>
