{"id":231918,"date":"2026-08-27T07:47:30","date_gmt":"2026-08-27T05:47:30","guid":{"rendered":"https:\/\/www.lesvinzelles.com\/?post_type=mec-events&#038;p=231918"},"modified":"2026-08-27T07:47:30","modified_gmt":"2026-08-27T05:47:30","slug":"bonnefont-caillon-pour-les-enfants","status":"publish","type":"mec-events","link":"https:\/\/www.lesvinzelles.com\/index.php\/events\/bonnefont-caillon-pour-les-enfants\/","title":{"rendered":"Bonnefont &#038; Caillon pour les enfants"},"content":{"rendered":"<div class=\"xdj266r x14z9mp xat24cr x1lziwak x1vvkbs\">Alain Bonnefont et J\u00e9r\u00f4me Caillon joueront leur r\u00e9pertoire country folk adapt\u00e9 aux enfants et aussi des comptines !<\/div>\n<div class=\"x14z9mp xat24cr x1lziwak x1vvkbs xtlvy1s\"><span class=\"html-span xexx8yu xyri2b x18d9i69 x1c1uobl x1hl2dhg x16tdsg8 x1vvkbs x3nfvp2 x1j61x8r x1fcty0u xdj266r xat24cr xm2jcoa x1mpyi22 xxymvpz xlup9mm x1kky2od\"><img loading=\"lazy\" decoding=\"async\" class=\"xz74otr x15mokao x1ga7v0g x16uus16 xbiv7yw\" src=\"https:\/\/static.xx.fbcdn.net\/images\/emoji.php\/v9\/tf\/2\/16\/2139.png\" alt=\"\u2139\ufe0f\" width=\"16\" height=\"16\" \/><\/span> enfants de 2 \u00e0 12 ans, accompagn\u00e9s d&rsquo;un parent.<br class=\"html-br\" \/>entr\u00e9e : 5\u20ac\/pers.<br class=\"html-br\" \/>r\u00e9servation sur Hello Asso :<br class=\"html-br\" \/><a class=\"x1i10hfl xjbqb8w x1ejq31n x18oe1m7 x1sy0etr xstzfhl x972fbf x10w94by x1qhh985 x14e42zd x9f619 x1ypdohk xt0psk2 x3ct3a4 xdj266r x14z9mp xat24cr x1lziwak xexx8yu xyri2b x18d9i69 x1c1uobl x16tdsg8 x1hl2dhg xggy1nq x1a2a7pz xkrqix3 x1sur9pj x1fey0fg x1s688f\" tabindex=\"0\" role=\"link\" href=\"https:\/\/www.helloasso.com\/associations\/l-envolee-des-vinzelles\/evenements\/caillon-bonnefont-concert-pour-enfants?fbclid=IwcGRvZgFleHRuA2FlbQIxMABicmlkETBud1l1ZzVlaDI2RjhtT2dPc3J0YwZhcHBfaWQQMjIyMDM5MTc4ODIwMDg5MgABHg2J66w2WxILsM6AhfJPEVvanRxw1bQxYQeJY4WP1_1NnUh29H5yMN1dRvZw_aem_57GLTceuariiHR_U_BACGg\" target=\"_blank\" rel=\"nofollow noopener noreferrer\">https:\/\/www.helloasso.com\/&#8230;\/caillon-bonnefont-concert&#8230;<\/a><br class=\"html-br\" \/><span class=\"html-span xexx8yu xyri2b x18d9i69 x1c1uobl x1hl2dhg x16tdsg8 x1vvkbs x3nfvp2 x1j61x8r x1fcty0u xdj266r xat24cr xm2jcoa x1mpyi22 xxymvpz xlup9mm x1kky2od\"><img loading=\"lazy\" decoding=\"async\" class=\"xz74otr x15mokao x1ga7v0g x16uus16 xbiv7yw\" src=\"https:\/\/static.xx.fbcdn.net\/images\/emoji.php\/v9\/tcc\/2\/16\/1f4cd.png\" alt=\"\ud83d\udccd\" width=\"16\" height=\"16\" \/><\/span>O\u00f9 nous trouver ? Sur tous les GPS (les vinzelles caf\u00e9-restaurant \u00e0 Volvic) ou l\u00e0,<br class=\"html-br\" \/><a class=\"x1i10hfl xjbqb8w x1ejq31n x18oe1m7 x1sy0etr xstzfhl x972fbf x10w94by x1qhh985 x14e42zd x9f619 x1ypdohk xt0psk2 x3ct3a4 xdj266r x14z9mp xat24cr x1lziwak xexx8yu xyri2b x18d9i69 x1c1uobl x16tdsg8 x1hl2dhg xggy1nq x1a2a7pz xkrqix3 x1sur9pj x1fey0fg x1s688f\" tabindex=\"0\" role=\"link\" href=\"https:\/\/www.lesvinzelles.com\/index.php\/infos-pratiques\/?fbclid=IwcGRvZgFleHRuA2FlbQIxMABicmlkETBud1l1ZzVlaDI2RjhtT2dPc3J0YwZhcHBfaWQQMjIyMDM5MTc4ODIwMDg5MgABHg2J66w2WxILsM6AhfJPEVvanRxw1bQxYQeJY4WP1_1NnUh29H5yMN1dRvZw_aem_57GLTceuariiHR_U_BACGg\" target=\"_blank\" rel=\"nofollow noopener noreferrer\">https:\/\/www.lesvinzelles.com\/index.php\/infos-pratiques\/<\/a>&#8230;<br class=\"html-br\" \/><span class=\"html-span xexx8yu xyri2b x18d9i69 x1c1uobl x1hl2dhg x16tdsg8 x1vvkbs x3nfvp2 x1j61x8r x1fcty0u xdj266r xat24cr xm2jcoa x1mpyi22 xxymvpz xlup9mm x1kky2od\"><img loading=\"lazy\" decoding=\"async\" class=\"xz74otr x15mokao x1ga7v0g x16uus16 xbiv7yw\" src=\"https:\/\/static.xx.fbcdn.net\/images\/emoji.php\/v9\/tb7\/2\/16\/1f17f.png\" alt=\"\ud83c\udd7f\ufe0f\" width=\"16\" height=\"16\" \/><\/span> Parking public en face du tiers lieu, de l\u2019autre c\u00f4t\u00e9 de la route au niveau du passage pi\u00e9ton. Si complet, parking du cimeti\u00e8re de Malauzat \u00e0 500m<br class=\"html-br\" \/>(stationnement dans l\u2019impasse des ch\u00e2taigniers interdit)<\/div>\n","protected":false},"excerpt":{"rendered":"<p>Alain Bonnefont et J\u00e9r\u00f4me Caillon joueront leur r\u00e9pertoire country folk adapt\u00e9 aux enfants et aussi des comptines ! enfants de 2 \u00e0 12 ans, accompagn\u00e9s d&rsquo;un parent.entr\u00e9e : 5\u20ac\/pers.r\u00e9servation sur Hello Asso :https:\/\/www.helloasso.com\/&#8230;\/caillon-bonnefont-concert&#8230;O\u00f9 nous trouver ? Sur tous les GPS (les vinzelles caf\u00e9-restaurant \u00e0 Volvic) ou l\u00e0,https:\/\/www.lesvinzelles.com\/index.php\/infos-pratiques\/&#8230; Parking public en face du tiers lieu, de [&hellip;]<\/p>\n","protected":false},"author":1,"featured_media":231919,"comment_status":"closed","ping_status":"closed","template":"","mec_category":[15],"mec_tag":[],"class_list":["post-231918","mec-events","type-mec-events","status-publish","has-post-thumbnail","hentry","mec_category-concert"],"post_mailing_queue_ids":[],"_links":{"self":[{"href":"https:\/\/www.lesvinzelles.com\/index.php\/wp-json\/wp\/v2\/mec-events\/231918","targetHints":{"allow":["GET"]}}],"collection":[{"href":"https:\/\/www.lesvinzelles.com\/index.php\/wp-json\/wp\/v2\/mec-events"}],"about":[{"href":"https:\/\/www.lesvinzelles.com\/index.php\/wp-json\/wp\/v2\/types\/mec-events"}],"author":[{"embeddable":true,"href":"https:\/\/www.lesvinzelles.com\/index.php\/wp-json\/wp\/v2\/users\/1"}],"replies":[{"embeddable":true,"href":"https:\/\/www.lesvinzelles.com\/index.php\/wp-json\/wp\/v2\/comments?post=231918"}],"wp:featuredmedia":[{"embeddable":true,"href":"https:\/\/www.lesvinzelles.com\/index.php\/wp-json\/wp\/v2\/media\/231919"}],"wp:attachment":[{"href":"https:\/\/www.lesvinzelles.com\/index.php\/wp-json\/wp\/v2\/media?parent=231918"}],"wp:term":[{"taxonomy":"mec_category","embeddable":true,"href":"https:\/\/www.lesvinzelles.com\/index.php\/wp-json\/wp\/v2\/mec_category?post=231918"},{"taxonomy":"mec_tag","embeddable":true,"href":"https:\/\/www.lesvinzelles.com\/index.php\/wp-json\/wp\/v2\/mec_tag?post=231918"}],"curies":[{"name":"wp","href":"https:\/\/api.w.org\/{rel}","templated":true}]}}

<div class="xdj266r x14z9mp xat24cr x1lziwak x1vvkbs">Alain Bonnefont et Jérôme Caillon joueront leur répertoire country folk adapté aux enfants et aussi des comptines !</div>
<div class="x14z9mp xat24cr x1lziwak x1vvkbs xtlvy1s"><span class="html-span xexx8yu xyri2b x18d9i69 x1c1uobl x1hl2dhg x16tdsg8 x1vvkbs x3nfvp2 x1j61x8r x1fcty0u xdj266r xat24cr xm2jcoa x1mpyi22 xxymvpz xlup9mm x1kky2od"><img loading="lazy" decoding="async" class="xz74otr x15mokao x1ga7v0g x16uus16 xbiv7yw" src="https://static.xx.fbcdn.net/images/emoji.php/v9/tf/2/16/2139.png" alt="ℹ️" width="16" height="16" /></span> enfants de 2 à 12 ans, accompagnés d&rsquo;un parent.<br class="html-br" />entrée : 5€/pers.<br class="html-br" />réservation sur Hello Asso :<br class="html-br" /><a class="x1i10hfl xjbqb8w x1ejq31n x18oe1m7 x1sy0etr xstzfhl x972fbf x10w94by x1qhh985 x14e42zd x9f619 x1ypdohk xt0psk2 x3ct3a4 xdj266r x14z9mp xat24cr x1lziwak xexx8yu xyri2b x18d9i69 x1c1uobl x16tdsg8 x1hl2dhg xggy1nq x1a2a7pz xkrqix3 x1sur9pj x1fey0fg x1s688f" tabindex="0" role="link" href="https://www.helloasso.com/associations/l-envolee-des-vinzelles/evenements/caillon-bonnefont-concert-pour-enfants?fbclid=IwcGRvZgFleHRuA2FlbQIxMABicmlkETBud1l1ZzVlaDI2RjhtT2dPc3J0YwZhcHBfaWQQMjIyMDM5MTc4ODIwMDg5MgABHg2J66w2WxILsM6AhfJPEVvanRxw1bQxYQeJY4WP1_1NnUh29H5yMN1dRvZw_aem_57GLTceuariiHR_U_BACGg" target="_blank" rel="nofollow noopener noreferrer">https://www.helloasso.com/&#8230;/caillon-bonnefont-concert&#8230;</a><br class="html-br" /><span class="html-span xexx8yu xyri2b x18d9i69 x1c1uobl x1hl2dhg x16tdsg8 x1vvkbs x3nfvp2 x1j61x8r x1fcty0u xdj266r xat24cr xm2jcoa x1mpyi22 xxymvpz xlup9mm x1kky2od"><img loading="lazy" decoding="async" class="xz74otr x15mokao x1ga7v0g x16uus16 xbiv7yw" src="https://static.xx.fbcdn.net/images/emoji.php/v9/tcc/2/16/1f4cd.png" alt="📍" width="16" height="16" /></span>Où nous trouver ? Sur tous les GPS (les vinzelles café-restaurant à Volvic) ou là,<br class="html-br" /><a class="x1i10hfl xjbqb8w x1ejq31n x18oe1m7 x1sy0etr xstzfhl x972fbf x10w94by x1qhh985 x14e42zd x9f619 x1ypdohk xt0psk2 x3ct3a4 xdj266r x14z9mp xat24cr x1lziwak xexx8yu xyri2b x18d9i69 x1c1uobl x16tdsg8 x1hl2dhg xggy1nq x1a2a7pz xkrqix3 x1sur9pj x1fey0fg x1s688f" tabindex="0" role="link" href="https://www.lesvinzelles.com/index.php/infos-pratiques/?fbclid=IwcGRvZgFleHRuA2FlbQIxMABicmlkETBud1l1ZzVlaDI2RjhtT2dPc3J0YwZhcHBfaWQQMjIyMDM5MTc4ODIwMDg5MgABHg2J66w2WxILsM6AhfJPEVvanRxw1bQxYQeJY4WP1_1NnUh29H5yMN1dRvZw_aem_57GLTceuariiHR_U_BACGg" target="_blank" rel="nofollow noopener noreferrer">https://www.lesvinzelles.com/index.php/infos-pratiques/</a>&#8230;<br class="html-br" /><span class="html-span xexx8yu xyri2b x18d9i69 x1c1uobl x1hl2dhg x16tdsg8 x1vvkbs x3nfvp2 x1j61x8r x1fcty0u xdj266r xat24cr xm2jcoa x1mpyi22 xxymvpz xlup9mm x1kky2od"><img loading="lazy" decoding="async" class="xz74otr x15mokao x1ga7v0g x16uus16 xbiv7yw" src="https://static.xx.fbcdn.net/images/emoji.php/v9/tb7/2/16/1f17f.png" alt="🅿️" width="16" height="16" /></span> Parking public en face du tiers lieu, de l’autre côté de la route au niveau du passage piéton. Si complet, parking du cimetière de Malauzat à 500m<br class="html-br" />(stationnement dans l’impasse des châtaigniers interdit)</div>

<p>Alain Bonnefont et Jérôme Caillon joueront leur répertoire country folk adapté aux enfants et aussi des comptines ! enfants de 2 à 12 ans, accompagnés d&rsquo;un parent.entrée : 5€/pers.réservation sur Hello Asso :https://www.helloasso.com/&#8230;/caillon-bonnefont-concert&#8230;Où nous trouver ? Sur tous les GPS (les vinzelles café-restaurant à Volvic) ou là,https://www.lesvinzelles.com/index.php/infos-pratiques/&#8230; Parking public en face du tiers lieu, de [&hellip;]</p>
